{"id":5521,"date":"2020-09-17T09:37:36","date_gmt":"2020-09-17T09:37:36","guid":{"rendered":"https:\/\/almazaraalcaraz.com\/tienda\/?page_id=5521"},"modified":"2021-07-21T10:45:04","modified_gmt":"2021-07-21T10:45:04","slug":"politica-privacidad","status":"publish","type":"page","link":"https:\/\/almazaraalcaraz.com\/tienda\/politica-privacidad\/","title":{"rendered":"Pol\u00edtica de Privacidad"},"content":{"rendered":"<div class=\"wpb-content-wrapper\"><p>[vc_row css=\u00bb.vc_custom_1470217454829{margin-top: 3vw !important;margin-bottom: 1vw !important;}\u00bb][vc_column width=\u00bb1\/6&#8243;][\/vc_column][vc_column width=\u00bb4\/6&#8243;][vc_custom_heading text=\u00bbPol\u00edtica de Privacidad\u00bb font_container=\u00bbtag:h2|font_size:39|text_align:center|color:%231c1a19|line_height:36px\u00bb google_fonts=\u00bbfont_family:Lato%3A100%2C100italic%2C300%2C300italic%2Cregular%2Citalic%2C700%2C700italic%2C900%2C900italic|font_style:900%20bold%20regular%3A900%3Anormal\u00bb][vc_empty_space height=\u00bb20px\u00bb][vc_column_text]AGROPECUARIA ECOLOGICA SIERRA DE ALCARAZ, S.L. es la responsable del tratamiento y de conformidad con lo establecido en el Reglamento (UE) 2016\/679 del Parlamento Europeo y del Consejo de 27 de abril de 2016 y la Ley Org\u00e1nica 3\/2018 de Protecci\u00f3n de Datos y Garant\u00eda de los Derechos Digitales, garantiza la seguridad y confidencialidad de los datos facilitados por sus clientes<\/p>\n<p>AGROPECUARIA ECOLOGICA SIERRA DE ALCARAZ, S.L. informa que los datos personales facilitados a trav\u00e9s de los formularios de esta Web o mediante mensajes de correo electr\u00f3nico, ser\u00e1n incorporados en unos tratamientos de AGROPECUARIA ECOLOGICA SIERRA DE ALCARAZ, S.L. y ser\u00e1n tratados de manera informatizada y en papel.<\/p>\n<p>Mediante el env\u00edo de los formularios existentes en esta Web el remitente da su consentimiento para ser incluido en el mencionado tratamiento con el objeto de suministrarle la informaci\u00f3n solicitada en los formularios o suscripciones.<\/p>\n<p>En el caso de que el usuario decida cumplimentar alg\u00fan formulario de este sitio Web d\u00f3nde se recaben datos de car\u00e1cter personal se le informa que AGROPECUARIA ECOLOGICA SIERRA DE ALCARAZ, S.L. adoptar\u00e1 las medidas de \u00edndole t\u00e9cnica y organizativa necesarias que garanticen la seguridad de los datos suministrados a fin de evitar alteraciones, p\u00e9rdidas, tratamientos o accesos no autorizados, conforme al estado actual de la tecnolog\u00eda y de acuerdo con lo establecido por la normativa vigente.<\/p>\n<p>AGROPECUARIA ECOLOGICA SIERRA DE ALCARAZ, S.L. sin embargo no puede garantizar la absoluta inexpugnabilidad del sistema, la red de acceso, Internet y por tanto la violaci\u00f3n de los datos mediante accesos fraudulentos a ellos por parte de terceros.<\/p>\n<p>El usuario responder\u00e1 en cualquier caso de la veracidad de la informaci\u00f3n suministrada y se hace responsable de comunicar a AGROPECUARIA ECOLOGICA SIERRA DE ALCARAZ, S.L. cualquier modificaci\u00f3n sobre la misma, quedando AGROPECUARIA ECOLOGICA SIERRA DE ALCARAZ, S.L. exenta de cualquier responsabilidad en este sentido.<\/p>\n<p>La finalidad es el tratamiento de los datos de los usuarios y de los clientes de la p\u00e1gina web:<\/p>\n<ul>\n<li>Servir como soporte de informaci\u00f3n a la gesti\u00f3n de las comunicaciones y relaciones comerciales por v\u00eda electr\u00f3nica. En cuanto a la legitimaci\u00f3n del tratamiento estar\u00e1 regulada por el consentimiento del afectado y por el inter\u00e9s leg\u00edtimo del responsable. Los datos proporcionados se conservar\u00e1n hasta para dar soporte a su solicitud, la revocaci\u00f3n del consentimiento o durante los a\u00f1os necesarios para cumplir con las obligaciones legales.<\/li>\n<\/ul>\n<ul>\n<li>Prestarle el servicio solicitado de facturaci\u00f3n a clientes y gestionar la relaci\u00f3n mercantil con proveedores o partner. En cuanto a la legitimaci\u00f3n del tratamiento estar\u00e1 regulada por el RD de 22 de agosto de 1885 por el que se publica el C\u00f3digo de Comercio y por el inter\u00e9s leg\u00edtimo del responsable. Los datos proporcionados se conservar\u00e1n mientras se mantenga la relaci\u00f3n comercial o durante un plazo de 6 a\u00f1os a partir de la \u00faltima confirmaci\u00f3n de inter\u00e9s.<\/li>\n<\/ul>\n<p>En el caso de que no nos facilite sus datos personales no podremos gestionar su solicitud.<\/p>\n<p>La empresa no ceder\u00e1 datos salvo obligaci\u00f3n legal. La empresa podr\u00e1 ceder los datos a terceros como administraci\u00f3n tributaria, bancos, cajas de ahorro y cajas rurales y organizaciones o personas directamente relacionadas con el responsable.<\/p>\n<p>Si lo desea puede dirigirse a AGROPECUARIA ECOLOGICA SIERRA DE ALCARAZ, S.L., domiciliada en calle en V\u00eda Verde de la Sierra de Alcaraz, s\/n. \u2013 02300 \u2013 Alcaraz (Albacete) ESPA\u00d1A, con una copia de DNI o documento acreditativo equivalente con el fin de ejercer los siguientes derechos:<\/p>\n<ul>\n<li>Derecho de acceso: derecho a obtener confirmaci\u00f3n sobre si AGROPECUARIA ECOLOGICA SIERRA DE ALCARAZ, S.L. est\u00e1 tratando datos personales que le conciernen y, en tal caso, acceder a los mismos.<\/li>\n<li>Derecho de portabilidad: derecho a recibir los datos personales que nos haya facilitado en un formato estructurado de uso com\u00fan y legible, as\u00ed como a transmitirlo a otra entidad.<\/li>\n<li>Derecho de rectificaci\u00f3n: derecho a solicitar la rectificaci\u00f3n de los datos cuando sean inexactos.<\/li>\n<li>Derecho de supresi\u00f3n: derecho a solicitar la supresi\u00f3n de los datos cuando ya no sean necesarios para los fines que fueron facilitados en su momento.<\/li>\n<li>Derecho de oposici\u00f3n: derecho a oponerte al tratamiento de tus datos personales. AGROPECUARIA ECOLOGICA SIERRA DE ALCARAZ, S.L.dejar\u00e1 de tratar los datos, salvo por motivos leg\u00edtimos o en el ejercicio de posibles reclamaciones.<\/li>\n<li>Derecho a la limitaci\u00f3n del tratamiento: derecho a solicitar la limitaci\u00f3n del tratamiento de sus datos.<\/li>\n<\/ul>\n<p>Por otro lado, si lo ha facilitado, tendr\u00e1 derecho a retirar el consentimiento prestado en cualquier momento y el derecho a reclamar ante la Agencia Espa\u00f1ola de Protecci\u00f3n de Datos.<\/p>\n<p>Las categor\u00edas de datos que se tratan son datos identificativos, caracter\u00edsticas personales, informaci\u00f3n comercial, datos econ\u00f3micos, transacciones de bienes y servicios y no se tratan datos especialmente protegidos. El origen de los datos es por el propio interesado o su representante legal, los clientes\/usuarios y proveedores ser\u00e1n los colectivos interesados a tal fin.[\/vc_column_text][\/vc_column][vc_column width=\u00bb1\/6&#8243;][\/vc_column][\/vc_row]<\/p>\n<\/div>","protected":false},"excerpt":{"rendered":"<p>[vc_row css=\u00bb.vc_custom_1470217454829{margin-top: 3vw !important;margin-bottom: 1vw !important;}\u00bb][vc_column width=\u00bb1\/6&#8243;][\/vc_column][vc_column width=\u00bb4\/6&#8243;][vc_custom_heading text=\u00bbPol\u00edtica de Privacidad\u00bb font_container=\u00bbtag:h2|font_size:39|text_align:center|color:%231c1a19|line_height:36px\u00bb google_fonts=\u00bbfont_family:Lato%3A100%2C100italic%2C300%2C300italic%2Cregular%2Citalic%2C700%2C700italic%2C900%2C900italic|font_style:900%20bold%20regular%3A900%3Anormal\u00bb][vc_empty_space height=\u00bb20px\u00bb][vc_column_text]AGROPECUARIA ECOLOGICA SIERRA DE ALCARAZ, S.L. es la responsable del tratamiento y&#8230;<\/p>\n","protected":false},"author":1,"featured_media":0,"parent":0,"menu_order":0,"comment_status":"closed","ping_status":"closed","template":"","meta":{"footnotes":""},"class_list":["post-5521","page","type-page","status-publish","hentry"],"yoast_head":"<!-- This site is optimized with the Yoast SEO plugin v27.0 - https:\/\/yoast.com\/product\/yoast-seo-wordpress\/ -->\n<title>Pol\u00edtica de Privacidad - Almazara de Alcaraz<\/title>\n<meta name=\"robots\" content=\"index, follow, max-snippet:-1, max-image-preview:large, max-video-preview:-1\" \/>\n<link rel=\"canonical\" href=\"https:\/\/almazaraalcaraz.com\/tienda\/politica-privacidad\/\" \/>\n<meta property=\"og:locale\" content=\"es_ES\" \/>\n<meta property=\"og:type\" content=\"article\" \/>\n<meta property=\"og:title\" content=\"Pol\u00edtica de Privacidad - Almazara de Alcaraz\" \/>\n<meta property=\"og:description\" content=\"[vc_row css=\u00bb.vc_custom_1470217454829{margin-top: 3vw !important;margin-bottom: 1vw !important;}\u00bb][vc_column width=\u00bb1\/6&#8243;][\/vc_column][vc_column width=\u00bb4\/6&#8243;][vc_custom_heading text=\u00bbPol\u00edtica de Privacidad\u00bb font_container=\u00bbtag:h2|font_size:39|text_align:center|color:%231c1a19|line_height:36px\u00bb google_fonts=\u00bbfont_family:Lato%3A100%2C100italic%2C300%2C300italic%2Cregular%2Citalic%2C700%2C700italic%2C900%2C900italic|font_style:900%20bold%20regular%3A900%3Anormal\u00bb][vc_empty_space height=\u00bb20px\u00bb][vc_column_text]AGROPECUARIA ECOLOGICA SIERRA DE ALCARAZ, S.L. es la responsable del tratamiento y...\" \/>\n<meta property=\"og:url\" content=\"https:\/\/almazaraalcaraz.com\/tienda\/politica-privacidad\/\" \/>\n<meta property=\"og:site_name\" content=\"Almazara de Alcaraz\" \/>\n<meta property=\"article:publisher\" content=\"https:\/\/www.facebook.com\/aesabio\/?locale=es_ES\" \/>\n<meta property=\"article:modified_time\" content=\"2021-07-21T10:45:04+00:00\" \/>\n<meta name=\"twitter:card\" content=\"summary_large_image\" \/>\n<meta name=\"twitter:label1\" content=\"Tiempo de lectura\" \/>\n\t<meta name=\"twitter:data1\" content=\"5 minutos\" \/>\n<script type=\"application\/ld+json\" class=\"yoast-schema-graph\">{\"@context\":\"https:\/\/schema.org\",\"@graph\":[{\"@type\":\"WebPage\",\"@id\":\"https:\/\/almazaraalcaraz.com\/tienda\/politica-privacidad\/\",\"url\":\"https:\/\/almazaraalcaraz.com\/tienda\/politica-privacidad\/\",\"name\":\"Pol\u00edtica de Privacidad - Almazara de Alcaraz\",\"isPartOf\":{\"@id\":\"https:\/\/almazaraalcaraz.com\/tienda\/#website\"},\"datePublished\":\"2020-09-17T09:37:36+00:00\",\"dateModified\":\"2021-07-21T10:45:04+00:00\",\"breadcrumb\":{\"@id\":\"https:\/\/almazaraalcaraz.com\/tienda\/politica-privacidad\/#breadcrumb\"},\"inLanguage\":\"es\",\"potentialAction\":[{\"@type\":\"ReadAction\",\"target\":[\"https:\/\/almazaraalcaraz.com\/tienda\/politica-privacidad\/\"]}]},{\"@type\":\"BreadcrumbList\",\"@id\":\"https:\/\/almazaraalcaraz.com\/tienda\/politica-privacidad\/#breadcrumb\",\"itemListElement\":[{\"@type\":\"ListItem\",\"position\":1,\"name\":\"Portada\",\"item\":\"https:\/\/almazaraalcaraz.com\/tienda\/\"},{\"@type\":\"ListItem\",\"position\":2,\"name\":\"Pol\u00edtica de Privacidad\"}]},{\"@type\":\"WebSite\",\"@id\":\"https:\/\/almazaraalcaraz.com\/tienda\/#website\",\"url\":\"https:\/\/almazaraalcaraz.com\/tienda\/\",\"name\":\"Almazara de Alcaraz\",\"description\":\"Agropecuaria Ecol\u00f3gica Sierra de alcara\",\"publisher\":{\"@id\":\"https:\/\/almazaraalcaraz.com\/tienda\/#organization\"},\"potentialAction\":[{\"@type\":\"SearchAction\",\"target\":{\"@type\":\"EntryPoint\",\"urlTemplate\":\"https:\/\/almazaraalcaraz.com\/tienda\/?s={search_term_string}\"},\"query-input\":{\"@type\":\"PropertyValueSpecification\",\"valueRequired\":true,\"valueName\":\"search_term_string\"}}],\"inLanguage\":\"es\"},{\"@type\":\"Organization\",\"@id\":\"https:\/\/almazaraalcaraz.com\/tienda\/#organization\",\"name\":\"Almazara de Alcaraz\",\"url\":\"https:\/\/almazaraalcaraz.com\/tienda\/\",\"logo\":{\"@type\":\"ImageObject\",\"inLanguage\":\"es\",\"@id\":\"https:\/\/almazaraalcaraz.com\/tienda\/#\/schema\/logo\/image\/\",\"url\":\"https:\/\/almazaraalcaraz.com\/tienda\/wp-content\/uploads\/2023\/06\/Logo-AESA_masgordo.png\",\"contentUrl\":\"https:\/\/almazaraalcaraz.com\/tienda\/wp-content\/uploads\/2023\/06\/Logo-AESA_masgordo.png\",\"width\":591,\"height\":264,\"caption\":\"Almazara de Alcaraz\"},\"image\":{\"@id\":\"https:\/\/almazaraalcaraz.com\/tienda\/#\/schema\/logo\/image\/\"},\"sameAs\":[\"https:\/\/www.facebook.com\/aesabio\/?locale=es_ES\",\"https:\/\/www.youtube.com\/@AESAsierradealcaraz\"]}]}<\/script>\n<!-- \/ Yoast SEO plugin. -->","yoast_head_json":{"title":"Pol\u00edtica de Privacidad - Almazara de Alcaraz","robots":{"index":"index","follow":"follow","max-snippet":"max-snippet:-1","max-image-preview":"max-image-preview:large","max-video-preview":"max-video-preview:-1"},"canonical":"https:\/\/almazaraalcaraz.com\/tienda\/politica-privacidad\/","og_locale":"es_ES","og_type":"article","og_title":"Pol\u00edtica de Privacidad - Almazara de Alcaraz","og_description":"[vc_row css=\u00bb.vc_custom_1470217454829{margin-top: 3vw !important;margin-bottom: 1vw !important;}\u00bb][vc_column width=\u00bb1\/6&#8243;][\/vc_column][vc_column width=\u00bb4\/6&#8243;][vc_custom_heading text=\u00bbPol\u00edtica de Privacidad\u00bb font_container=\u00bbtag:h2|font_size:39|text_align:center|color:%231c1a19|line_height:36px\u00bb google_fonts=\u00bbfont_family:Lato%3A100%2C100italic%2C300%2C300italic%2Cregular%2Citalic%2C700%2C700italic%2C900%2C900italic|font_style:900%20bold%20regular%3A900%3Anormal\u00bb][vc_empty_space height=\u00bb20px\u00bb][vc_column_text]AGROPECUARIA ECOLOGICA SIERRA DE ALCARAZ, S.L. es la responsable del tratamiento y...","og_url":"https:\/\/almazaraalcaraz.com\/tienda\/politica-privacidad\/","og_site_name":"Almazara de Alcaraz","article_publisher":"https:\/\/www.facebook.com\/aesabio\/?locale=es_ES","article_modified_time":"2021-07-21T10:45:04+00:00","twitter_card":"summary_large_image","twitter_misc":{"Tiempo de lectura":"5 minutos"},"schema":{"@context":"https:\/\/schema.org","@graph":[{"@type":"WebPage","@id":"https:\/\/almazaraalcaraz.com\/tienda\/politica-privacidad\/","url":"https:\/\/almazaraalcaraz.com\/tienda\/politica-privacidad\/","name":"Pol\u00edtica de Privacidad - Almazara de Alcaraz","isPartOf":{"@id":"https:\/\/almazaraalcaraz.com\/tienda\/#website"},"datePublished":"2020-09-17T09:37:36+00:00","dateModified":"2021-07-21T10:45:04+00:00","breadcrumb":{"@id":"https:\/\/almazaraalcaraz.com\/tienda\/politica-privacidad\/#breadcrumb"},"inLanguage":"es","potentialAction":[{"@type":"ReadAction","target":["https:\/\/almazaraalcaraz.com\/tienda\/politica-privacidad\/"]}]},{"@type":"BreadcrumbList","@id":"https:\/\/almazaraalcaraz.com\/tienda\/politica-privacidad\/#breadcrumb","itemListElement":[{"@type":"ListItem","position":1,"name":"Portada","item":"https:\/\/almazaraalcaraz.com\/tienda\/"},{"@type":"ListItem","position":2,"name":"Pol\u00edtica de Privacidad"}]},{"@type":"WebSite","@id":"https:\/\/almazaraalcaraz.com\/tienda\/#website","url":"https:\/\/almazaraalcaraz.com\/tienda\/","name":"Almazara de Alcaraz","description":"Agropecuaria Ecol\u00f3gica Sierra de alcara","publisher":{"@id":"https:\/\/almazaraalcaraz.com\/tienda\/#organization"},"potentialAction":[{"@type":"SearchAction","target":{"@type":"EntryPoint","urlTemplate":"https:\/\/almazaraalcaraz.com\/tienda\/?s={search_term_string}"},"query-input":{"@type":"PropertyValueSpecification","valueRequired":true,"valueName":"search_term_string"}}],"inLanguage":"es"},{"@type":"Organization","@id":"https:\/\/almazaraalcaraz.com\/tienda\/#organization","name":"Almazara de Alcaraz","url":"https:\/\/almazaraalcaraz.com\/tienda\/","logo":{"@type":"ImageObject","inLanguage":"es","@id":"https:\/\/almazaraalcaraz.com\/tienda\/#\/schema\/logo\/image\/","url":"https:\/\/almazaraalcaraz.com\/tienda\/wp-content\/uploads\/2023\/06\/Logo-AESA_masgordo.png","contentUrl":"https:\/\/almazaraalcaraz.com\/tienda\/wp-content\/uploads\/2023\/06\/Logo-AESA_masgordo.png","width":591,"height":264,"caption":"Almazara de Alcaraz"},"image":{"@id":"https:\/\/almazaraalcaraz.com\/tienda\/#\/schema\/logo\/image\/"},"sameAs":["https:\/\/www.facebook.com\/aesabio\/?locale=es_ES","https:\/\/www.youtube.com\/@AESAsierradealcaraz"]}]}},"_links":{"self":[{"href":"https:\/\/almazaraalcaraz.com\/tienda\/wp-json\/wp\/v2\/pages\/5521","targetHints":{"allow":["GET"]}}],"collection":[{"href":"https:\/\/almazaraalcaraz.com\/tienda\/wp-json\/wp\/v2\/pages"}],"about":[{"href":"https:\/\/almazaraalcaraz.com\/tienda\/wp-json\/wp\/v2\/types\/page"}],"author":[{"embeddable":true,"href":"https:\/\/almazaraalcaraz.com\/tienda\/wp-json\/wp\/v2\/users\/1"}],"replies":[{"embeddable":true,"href":"https:\/\/almazaraalcaraz.com\/tienda\/wp-json\/wp\/v2\/comments?post=5521"}],"version-history":[{"count":7,"href":"https:\/\/almazaraalcaraz.com\/tienda\/wp-json\/wp\/v2\/pages\/5521\/revisions"}],"predecessor-version":[{"id":6145,"href":"https:\/\/almazaraalcaraz.com\/tienda\/wp-json\/wp\/v2\/pages\/5521\/revisions\/6145"}],"wp:attachment":[{"href":"https:\/\/almazaraalcaraz.com\/tienda\/wp-json\/wp\/v2\/media?parent=5521"}],"curies":[{"name":"wp","href":"https:\/\/api.w.org\/{rel}","templated":true}]}}