{"id":7021,"date":"2023-09-18T16:12:51","date_gmt":"2023-09-18T16:12:51","guid":{"rendered":"https:\/\/almazaraalcaraz.com\/tienda\/?page_id=7021"},"modified":"2023-09-21T17:11:03","modified_gmt":"2023-09-21T17:11:03","slug":"produccion-ecologica","status":"publish","type":"page","link":"https:\/\/almazaraalcaraz.com\/tienda\/produccion-ecologica\/","title":{"rendered":"PRODUCCI\u00d3N ECOLOGICA"},"content":{"rendered":"<div class=\"wpb-content-wrapper\"><p>[vc_row full_width=\u00bbstretch_row_content_no_spaces\u00bb et_uniqid=\u00bbet_custom_uniqid_5f5752ef9c2ad\u00bb _et_uniqid=\u00bbet_custom_uniqid_new_650c791ca1129&#8243; css=\u00bb.vc_custom_1695316257254{margin-bottom: -38px !important;padding-top: 200px !important;padding-bottom: 300px !important;background-image: url(https:\/\/almazaraalcaraz.com\/tienda\/wp-content\/uploads\/2023\/09\/top-aesa-2-scaled.jpg?id=7150) !important;background-position: center !important;background-repeat: no-repeat !important;background-size: cover !important;}\u00bb][vc_column][\/vc_column][\/vc_row][vc_row][vc_column][vc_empty_space height=\u00bb62px\u00bb][vc_custom_heading text=\u00bbPRODUCCI\u00d3N ECOL\u00d3GICA\u00bb font_container=\u00bbtag:h2|font_size:36|text_align:center|color:%231e1e1e\u00bb google_fonts=\u00bbfont_family:Lato%3A100%2C100italic%2C300%2C300italic%2Cregular%2Citalic%2C700%2C700italic%2C900%2C900italic|font_style:900%20bold%20regular%3A900%3Anormal\u00bb][vc_empty_space height=\u00bb62px\u00bb][vc_row_inner][vc_column_inner width=\u00bb1\/2&#8243;][vc_single_image image=\u00bb6906&#8243; img_size=\u00bbfull\u00bb][\/vc_column_inner][vc_column_inner width=\u00bb1\/2&#8243;][vc_column_text]<\/p>\n<p class=\"contact\" align=\"justify\"><strong>Aceites, Variedades y Tierras.<\/strong><\/p>\n<p class=\"contact\" align=\"justify\">Nuestros Aceites de Oliva Virgen Extra se producen mediante una Agricultura Ecol\u00f3gica, que es escrupulosamente respetuosa con el Medio Ambiente. Utilizamos de una forma \u00f3ptima los recursos naturales en ausencia de productos qu\u00edmicos de s\u00edntesis, tanto en la tierra como en los aceites; Sustituimos los abonos qu\u00edmicos por esti\u00e9rcoles, reemplazamos los plaguicidas e insecticidas por barreras naturales y por trampas ecol\u00f3gicas, y los herbicidas los suplimos por la escarda manual.<\/p>\n<p class=\"contact\" align=\"justify\">Buscando siempre obtener la mayor calidad, nunca se recoge la aceituna del suelo y como resultado de este cuidadoso proceso obtenemos unos aceites frutados de oliva, intensos, agradables al paladar, con una fragancia a almendra verde y fuertes matices a hierba, tomate y manzana.<\/p>\n<p align=\"justify\"><em><strong>Curiosidad: Son necesarios cerca de cinco kilos de aceituna para obtener un litro de aceite.<\/strong><\/em><\/p>\n<p>[\/vc_column_text][\/vc_column_inner][\/vc_row_inner][vc_separator color=\u00bbcustom\u00bb style=\u00bbdouble\u00bb border_width=\u00bb4&#8243; accent_color=\u00bb#cccc33&#8243;][vc_row_inner][vc_column_inner width=\u00bb1\/2&#8243;][vc_column_text]<\/p>\n<p class=\"contact\" align=\"justify\">Una vez obtenido el aceite lo almacenamos en dep\u00f3sitos de acero inoxidable, manteniendo as\u00ed todo su sabor, aroma y composici\u00f3n. Al ser productores y comercializadores conseguimos esta m\u00e1xima calidad porque realizamos un control y seguimiento exhaustivo del aceite desde su cultivo en el campo hasta su envasado y venta; de este modo evitamos cualquier manipulaci\u00f3n de terceros.<\/p>\n<p class=\"contact\" align=\"justify\">El Comit\u00e9 Andaluz de Agricultura Ecol\u00f3gica (C.A.A.E.) verifica nuestro sistema de control a trav\u00e9s de an\u00e1lisis peri\u00f3dicos foliares, de tierra, de la aceituna y del mismo aceite, garantizando la normativa t\u00e9cnica vigente seg\u00fan el Reglamento de la Uni\u00f3n Europea 2092 \/91. A todo esto hay que sumarle el saber combinar la producci\u00f3n de la aceituna de la manera m\u00e1s equilibrada con el uso de la \u00faltima tecnolog\u00eda en su posterior molturaci\u00f3n.<\/p>\n<p class=\"contact\" align=\"justify\">Obtenemos, en definitiva, unos zumos de aceituna irreprochables para los paladares m\u00e1s exigentes. Rescatamos el sabor que ten\u00eda el aceite cuando no se utilizaban productos qu\u00edmicos.<\/p>\n<p>[\/vc_column_text][\/vc_column_inner][vc_column_inner width=\u00bb1\/2&#8243;][vc_single_image image=\u00bb7024&#8243; img_size=\u00bbfull\u00bb css=\u00bb.vc_custom_1695053546956{padding-top: 15px !important;}\u00bb][\/vc_column_inner][\/vc_row_inner][vc_separator color=\u00bbcustom\u00bb style=\u00bbdouble\u00bb border_width=\u00bb4&#8243; accent_color=\u00bb#cccc33&#8243;][vc_row_inner][vc_column_inner width=\u00bb1\/2&#8243;][vc_single_image image=\u00bb5231&#8243; img_size=\u00bbfull\u00bb][\/vc_column_inner][vc_column_inner width=\u00bb1\/2&#8243;][vc_column_text]<\/p>\n<p class=\"contact\" align=\"justify\"><strong>Ecolog\u00eda y Salud.<\/strong><\/p>\n<p class=\"contact\" align=\"justify\">Diversas evidencias cient\u00edficas muestran c\u00f3mo la Dieta Mediterr\u00e1nea, con el Aceite de Oliva como principal fuente de grasa, ayuda a proteger contra enfermedades cardiovasculares, diabetes, obesidad y algunos tipos de c\u00e1ncer como los del tracto digestivo, el de mama y el de colon.<\/p>\n<p>[\/vc_column_text][\/vc_column_inner][\/vc_row_inner][vc_empty_space height=\u00bb12px\u00bb][vc_column_text]<\/p>\n<p class=\"contact\" align=\"justify\">El \u00c1cido Oleico, y otros componentes como los tocoferoles, caroteno y polifenoles (importantes antioxidantes naturales), evitan la oxidaci\u00f3n celular y contribuyen a la asimilaci\u00f3n de vitaminas y minerales por el sistema digestivo.<\/p>\n<p align=\"justify\">Consumiendo Alimentos Ecol\u00f3gicos, adem\u00e1s de consumir unos productos realmente exquisitos, contribuimos a la mejora de nuestra salud y a mantener una naturaleza m\u00e1s pura y equilibrada, libre de productos da\u00f1inos.<\/p>\n<p>[\/vc_column_text][vc_separator color=\u00bbcustom\u00bb style=\u00bbdouble\u00bb border_width=\u00bb4&#8243; accent_color=\u00bb#cccc33&#8243;][vc_single_image image=\u00bb5232&#8243; img_size=\u00bbfull\u00bb][vc_column_text]<\/p>\n<p class=\"contact\" align=\"justify\"><strong>Un poco de Historia<\/strong><br \/>\nEn la d\u00e9cada de los cuarenta, como respuesta a la irrupci\u00f3n de las empresas qu\u00edmicas en la agricultura de todo el mundo, se inicia la llamada Agricultura Org\u00e1nico Biol\u00f3gica, basada en la utilizaci\u00f3n de fertilizantes org\u00e1nicos, en el buen estado del humus del suelo y en la limitaci\u00f3n de labores agr\u00edcolas.<\/p>\n<p class=\"contact\" align=\"justify\">Actualmente, cientos de miles de hect\u00e1reas se cultivan en todo el mundo seg\u00fan las t\u00e9cnicas de la Agricultura Ecol\u00f3gica, mostrando que, frente a los modelos dominantes es posible producir alimentos sanos y sin perjuicios ambientales. El tiempo ha dado la raz\u00f3n a los que pensaban que no se puede crecer CONTRA la naturaleza.<\/p>\n<p class=\"contact\" align=\"justify\">La utilizaci\u00f3n de productos naturales y la exclusi\u00f3n total de productos qu\u00edmicos en su elaboraci\u00f3n hacen de nuestro aceite, un aceite diferente.<\/p>\n<p class=\"contact\" align=\"justify\">Nuestro aceite de oliva ecol\u00f3gico pretende no romper la alianza perpetua con la naturaleza. Nuestros productos intentan recobrar el sabor, olor y propiedades que, el aceite tuvo en tiempos de anta\u00f1o: Vuelve el sabor del aceite.<\/p>\n<p>[\/vc_column_text][\/vc_column][\/vc_row]<\/p>\n<\/div>","protected":false},"excerpt":{"rendered":"<p>[vc_row full_width=\u00bbstretch_row_content_no_spaces\u00bb et_uniqid=\u00bbet_custom_uniqid_5f5752ef9c2ad\u00bb _et_uniqid=\u00bbet_custom_uniqid_new_650c791ca1129&#8243; css=\u00bb.vc_custom_1695316257254{margin-bottom: -38px !important;padding-top: 200px !important;padding-bottom: 300px !important;background-image: url(https:\/\/almazaraalcaraz.com\/tienda\/wp-content\/uploads\/2023\/09\/top-aesa-2-scaled.jpg?id=7150) !important;background-position: center !important;background-repeat: no-repeat !important;background-size: cover !important;}\u00bb][vc_column][\/vc_column][\/vc_row][vc_row][vc_column][vc_empty_space height=\u00bb62px\u00bb][vc_custom_heading text=\u00bbPRODUCCI\u00d3N ECOL\u00d3GICA\u00bb font_container=\u00bbtag:h2|font_size:36|text_align:center|color:%231e1e1e\u00bb google_fonts=\u00bbfont_family:Lato%3A100%2C100italic%2C300%2C300italic%2Cregular%2Citalic%2C700%2C700italic%2C900%2C900italic|font_style:900%20bold%20regular%3A900%3Anormal\u00bb][vc_empty_space height=\u00bb62px\u00bb][vc_row_inner][vc_column_inner&#8230;<\/p>\n","protected":false},"author":2,"featured_media":0,"parent":0,"menu_order":0,"comment_status":"closed","ping_status":"closed","template":"","meta":{"footnotes":""},"class_list":["post-7021","page","type-page","status-publish","hentry"],"yoast_head":"<!-- This site is optimized with the Yoast SEO plugin v27.0 - https:\/\/yoast.com\/product\/yoast-seo-wordpress\/ -->\n<title>PRODUCCI\u00d3N ECOLOGICA - Almazara de Alcaraz<\/title>\n<meta name=\"robots\" content=\"index, follow, max-snippet:-1, max-image-preview:large, max-video-preview:-1\" \/>\n<link rel=\"canonical\" href=\"https:\/\/almazaraalcaraz.com\/tienda\/produccion-ecologica\/\" \/>\n<meta property=\"og:locale\" content=\"es_ES\" \/>\n<meta property=\"og:type\" content=\"article\" \/>\n<meta property=\"og:title\" content=\"PRODUCCI\u00d3N ECOLOGICA - Almazara de Alcaraz\" \/>\n<meta property=\"og:description\" content=\"[vc_row full_width=\u00bbstretch_row_content_no_spaces\u00bb et_uniqid=\u00bbet_custom_uniqid_5f5752ef9c2ad\u00bb _et_uniqid=\u00bbet_custom_uniqid_new_650c791ca1129&#8243; css=\u00bb.vc_custom_1695316257254{margin-bottom: -38px !important;padding-top: 200px !important;padding-bottom: 300px !important;background-image: url(https:\/\/almazaraalcaraz.com\/tienda\/wp-content\/uploads\/2023\/09\/top-aesa-2-scaled.jpg?id=7150) !important;background-position: center !important;background-repeat: no-repeat !important;background-size: cover !important;}\u00bb][vc_column][\/vc_column][\/vc_row][vc_row][vc_column][vc_empty_space height=\u00bb62px\u00bb][vc_custom_heading text=\u00bbPRODUCCI\u00d3N ECOL\u00d3GICA\u00bb font_container=\u00bbtag:h2|font_size:36|text_align:center|color:%231e1e1e\u00bb google_fonts=\u00bbfont_family:Lato%3A100%2C100italic%2C300%2C300italic%2Cregular%2Citalic%2C700%2C700italic%2C900%2C900italic|font_style:900%20bold%20regular%3A900%3Anormal\u00bb][vc_empty_space height=\u00bb62px\u00bb][vc_row_inner][vc_column_inner...\" \/>\n<meta property=\"og:url\" content=\"https:\/\/almazaraalcaraz.com\/tienda\/produccion-ecologica\/\" \/>\n<meta property=\"og:site_name\" content=\"Almazara de Alcaraz\" \/>\n<meta property=\"article:publisher\" content=\"https:\/\/www.facebook.com\/aesabio\/?locale=es_ES\" \/>\n<meta property=\"article:modified_time\" content=\"2023-09-21T17:11:03+00:00\" \/>\n<meta name=\"twitter:card\" content=\"summary_large_image\" \/>\n<meta name=\"twitter:label1\" content=\"Tiempo de lectura\" \/>\n\t<meta name=\"twitter:data1\" content=\"5 minutos\" \/>\n<script type=\"application\/ld+json\" class=\"yoast-schema-graph\">{\"@context\":\"https:\/\/schema.org\",\"@graph\":[{\"@type\":\"WebPage\",\"@id\":\"https:\/\/almazaraalcaraz.com\/tienda\/produccion-ecologica\/\",\"url\":\"https:\/\/almazaraalcaraz.com\/tienda\/produccion-ecologica\/\",\"name\":\"PRODUCCI\u00d3N ECOLOGICA - Almazara de Alcaraz\",\"isPartOf\":{\"@id\":\"https:\/\/almazaraalcaraz.com\/tienda\/#website\"},\"datePublished\":\"2023-09-18T16:12:51+00:00\",\"dateModified\":\"2023-09-21T17:11:03+00:00\",\"breadcrumb\":{\"@id\":\"https:\/\/almazaraalcaraz.com\/tienda\/produccion-ecologica\/#breadcrumb\"},\"inLanguage\":\"es\",\"potentialAction\":[{\"@type\":\"ReadAction\",\"target\":[\"https:\/\/almazaraalcaraz.com\/tienda\/produccion-ecologica\/\"]}]},{\"@type\":\"BreadcrumbList\",\"@id\":\"https:\/\/almazaraalcaraz.com\/tienda\/produccion-ecologica\/#breadcrumb\",\"itemListElement\":[{\"@type\":\"ListItem\",\"position\":1,\"name\":\"Portada\",\"item\":\"https:\/\/almazaraalcaraz.com\/tienda\/\"},{\"@type\":\"ListItem\",\"position\":2,\"name\":\"PRODUCCI\u00d3N ECOLOGICA\"}]},{\"@type\":\"WebSite\",\"@id\":\"https:\/\/almazaraalcaraz.com\/tienda\/#website\",\"url\":\"https:\/\/almazaraalcaraz.com\/tienda\/\",\"name\":\"Almazara de Alcaraz\",\"description\":\"Agropecuaria Ecol\u00f3gica Sierra de alcara\",\"publisher\":{\"@id\":\"https:\/\/almazaraalcaraz.com\/tienda\/#organization\"},\"potentialAction\":[{\"@type\":\"SearchAction\",\"target\":{\"@type\":\"EntryPoint\",\"urlTemplate\":\"https:\/\/almazaraalcaraz.com\/tienda\/?s={search_term_string}\"},\"query-input\":{\"@type\":\"PropertyValueSpecification\",\"valueRequired\":true,\"valueName\":\"search_term_string\"}}],\"inLanguage\":\"es\"},{\"@type\":\"Organization\",\"@id\":\"https:\/\/almazaraalcaraz.com\/tienda\/#organization\",\"name\":\"Almazara de Alcaraz\",\"url\":\"https:\/\/almazaraalcaraz.com\/tienda\/\",\"logo\":{\"@type\":\"ImageObject\",\"inLanguage\":\"es\",\"@id\":\"https:\/\/almazaraalcaraz.com\/tienda\/#\/schema\/logo\/image\/\",\"url\":\"https:\/\/almazaraalcaraz.com\/tienda\/wp-content\/uploads\/2023\/06\/Logo-AESA_masgordo.png\",\"contentUrl\":\"https:\/\/almazaraalcaraz.com\/tienda\/wp-content\/uploads\/2023\/06\/Logo-AESA_masgordo.png\",\"width\":591,\"height\":264,\"caption\":\"Almazara de Alcaraz\"},\"image\":{\"@id\":\"https:\/\/almazaraalcaraz.com\/tienda\/#\/schema\/logo\/image\/\"},\"sameAs\":[\"https:\/\/www.facebook.com\/aesabio\/?locale=es_ES\",\"https:\/\/www.youtube.com\/@AESAsierradealcaraz\"]}]}<\/script>\n<!-- \/ Yoast SEO plugin. -->","yoast_head_json":{"title":"PRODUCCI\u00d3N ECOLOGICA - Almazara de Alcaraz","robots":{"index":"index","follow":"follow","max-snippet":"max-snippet:-1","max-image-preview":"max-image-preview:large","max-video-preview":"max-video-preview:-1"},"canonical":"https:\/\/almazaraalcaraz.com\/tienda\/produccion-ecologica\/","og_locale":"es_ES","og_type":"article","og_title":"PRODUCCI\u00d3N ECOLOGICA - Almazara de Alcaraz","og_description":"[vc_row full_width=\u00bbstretch_row_content_no_spaces\u00bb et_uniqid=\u00bbet_custom_uniqid_5f5752ef9c2ad\u00bb _et_uniqid=\u00bbet_custom_uniqid_new_650c791ca1129&#8243; css=\u00bb.vc_custom_1695316257254{margin-bottom: -38px !important;padding-top: 200px !important;padding-bottom: 300px !important;background-image: url(https:\/\/almazaraalcaraz.com\/tienda\/wp-content\/uploads\/2023\/09\/top-aesa-2-scaled.jpg?id=7150) !important;background-position: center !important;background-repeat: no-repeat !important;background-size: cover !important;}\u00bb][vc_column][\/vc_column][\/vc_row][vc_row][vc_column][vc_empty_space height=\u00bb62px\u00bb][vc_custom_heading text=\u00bbPRODUCCI\u00d3N ECOL\u00d3GICA\u00bb font_container=\u00bbtag:h2|font_size:36|text_align:center|color:%231e1e1e\u00bb google_fonts=\u00bbfont_family:Lato%3A100%2C100italic%2C300%2C300italic%2Cregular%2Citalic%2C700%2C700italic%2C900%2C900italic|font_style:900%20bold%20regular%3A900%3Anormal\u00bb][vc_empty_space height=\u00bb62px\u00bb][vc_row_inner][vc_column_inner...","og_url":"https:\/\/almazaraalcaraz.com\/tienda\/produccion-ecologica\/","og_site_name":"Almazara de Alcaraz","article_publisher":"https:\/\/www.facebook.com\/aesabio\/?locale=es_ES","article_modified_time":"2023-09-21T17:11:03+00:00","twitter_card":"summary_large_image","twitter_misc":{"Tiempo de lectura":"5 minutos"},"schema":{"@context":"https:\/\/schema.org","@graph":[{"@type":"WebPage","@id":"https:\/\/almazaraalcaraz.com\/tienda\/produccion-ecologica\/","url":"https:\/\/almazaraalcaraz.com\/tienda\/produccion-ecologica\/","name":"PRODUCCI\u00d3N ECOLOGICA - Almazara de Alcaraz","isPartOf":{"@id":"https:\/\/almazaraalcaraz.com\/tienda\/#website"},"datePublished":"2023-09-18T16:12:51+00:00","dateModified":"2023-09-21T17:11:03+00:00","breadcrumb":{"@id":"https:\/\/almazaraalcaraz.com\/tienda\/produccion-ecologica\/#breadcrumb"},"inLanguage":"es","potentialAction":[{"@type":"ReadAction","target":["https:\/\/almazaraalcaraz.com\/tienda\/produccion-ecologica\/"]}]},{"@type":"BreadcrumbList","@id":"https:\/\/almazaraalcaraz.com\/tienda\/produccion-ecologica\/#breadcrumb","itemListElement":[{"@type":"ListItem","position":1,"name":"Portada","item":"https:\/\/almazaraalcaraz.com\/tienda\/"},{"@type":"ListItem","position":2,"name":"PRODUCCI\u00d3N ECOLOGICA"}]},{"@type":"WebSite","@id":"https:\/\/almazaraalcaraz.com\/tienda\/#website","url":"https:\/\/almazaraalcaraz.com\/tienda\/","name":"Almazara de Alcaraz","description":"Agropecuaria Ecol\u00f3gica Sierra de alcara","publisher":{"@id":"https:\/\/almazaraalcaraz.com\/tienda\/#organization"},"potentialAction":[{"@type":"SearchAction","target":{"@type":"EntryPoint","urlTemplate":"https:\/\/almazaraalcaraz.com\/tienda\/?s={search_term_string}"},"query-input":{"@type":"PropertyValueSpecification","valueRequired":true,"valueName":"search_term_string"}}],"inLanguage":"es"},{"@type":"Organization","@id":"https:\/\/almazaraalcaraz.com\/tienda\/#organization","name":"Almazara de Alcaraz","url":"https:\/\/almazaraalcaraz.com\/tienda\/","logo":{"@type":"ImageObject","inLanguage":"es","@id":"https:\/\/almazaraalcaraz.com\/tienda\/#\/schema\/logo\/image\/","url":"https:\/\/almazaraalcaraz.com\/tienda\/wp-content\/uploads\/2023\/06\/Logo-AESA_masgordo.png","contentUrl":"https:\/\/almazaraalcaraz.com\/tienda\/wp-content\/uploads\/2023\/06\/Logo-AESA_masgordo.png","width":591,"height":264,"caption":"Almazara de Alcaraz"},"image":{"@id":"https:\/\/almazaraalcaraz.com\/tienda\/#\/schema\/logo\/image\/"},"sameAs":["https:\/\/www.facebook.com\/aesabio\/?locale=es_ES","https:\/\/www.youtube.com\/@AESAsierradealcaraz"]}]}},"_links":{"self":[{"href":"https:\/\/almazaraalcaraz.com\/tienda\/wp-json\/wp\/v2\/pages\/7021","targetHints":{"allow":["GET"]}}],"collection":[{"href":"https:\/\/almazaraalcaraz.com\/tienda\/wp-json\/wp\/v2\/pages"}],"about":[{"href":"https:\/\/almazaraalcaraz.com\/tienda\/wp-json\/wp\/v2\/types\/page"}],"author":[{"embeddable":true,"href":"https:\/\/almazaraalcaraz.com\/tienda\/wp-json\/wp\/v2\/users\/2"}],"replies":[{"embeddable":true,"href":"https:\/\/almazaraalcaraz.com\/tienda\/wp-json\/wp\/v2\/comments?post=7021"}],"version-history":[{"count":17,"href":"https:\/\/almazaraalcaraz.com\/tienda\/wp-json\/wp\/v2\/pages\/7021\/revisions"}],"predecessor-version":[{"id":7145,"href":"https:\/\/almazaraalcaraz.com\/tienda\/wp-json\/wp\/v2\/pages\/7021\/revisions\/7145"}],"wp:attachment":[{"href":"https:\/\/almazaraalcaraz.com\/tienda\/wp-json\/wp\/v2\/media?parent=7021"}],"curies":[{"name":"wp","href":"https:\/\/api.w.org\/{rel}","templated":true}]}}